{"id":3018,"date":"2025-08-25T10:47:33","date_gmt":"2025-08-25T10:47:33","guid":{"rendered":"https:\/\/demo-fredrikstadautosenter.p05.caddiesoft.com\/?page_id=3018"},"modified":"2025-08-25T10:50:13","modified_gmt":"2025-08-25T10:50:13","slug":"apenhetsloven","status":"publish","type":"page","link":"https:\/\/demo-fredrikstadautosenter.p05.caddiesoft.com\/?page_id=3018","title":{"rendered":"\u00c5penhetsloven"},"content":{"rendered":"\t\t<div data-elementor-type=\"wp-page\" data-elementor-id=\"3018\" class=\"elementor elementor-3018\" data-elementor-post-type=\"page\">\n\t\t\t\t<div class=\"elementor-element elementor-element-f25ccd0 section e-flex e-con-boxed e-con e-parent\" data-id=\"f25ccd0\" data-element_type=\"container\" data-e-type=\"container\">\n\t\t\t\t\t<div class=\"e-con-inner\">\n\t\t\t\t<div class=\"elementor-element elementor-element-34e78d4 elementor-widget elementor-widget-heading\" data-id=\"34e78d4\" data-element_type=\"widget\" data-e-type=\"widget\" data-widget_type=\"heading.default\">\n\t\t\t\t\t<h1 class=\"elementor-heading-title elementor-size-default\">\u00c5penhetsloven<\/h1>\t\t\t\t<\/div>\n\t\t<div class=\"elementor-element elementor-element-69f2295 e-con-full text-block e-flex e-con e-child\" data-id=\"69f2295\" data-element_type=\"container\" data-e-type=\"container\">\n\t\t\t\t<div class=\"elementor-element elementor-element-d1b63b1 elementor-widget elementor-widget-text-editor\" data-id=\"d1b63b1\" data-element_type=\"widget\" data-e-type=\"widget\" data-widget_type=\"text-editor.default\">\n\t\t\t\t\t\t\t\t\t<p><strong>Gill Gruppen AS, Subaru Norge AS og Bilkompaniet AS redegj\u00f8relse etter \u00e5penhetsloven <\/strong><\/p><p>(for perioden 1. januar 2024 \u2013 31. desember 2024)<\/p><p>\u00a0<\/p><ol><li><strong>Introduksjon<\/strong><\/li><\/ol><p>\u00a0<\/p><p>Gill Gruppen AS (org.nr 910 360\u00a0868), Subaru Norge AS (org.nr 924 563\u00a0273) og Bilkompaniet AS (org.nr. 965 220 941) (Samlet betegnet som &#8220;<strong>Gruppen<\/strong>&#8220;) er omfattet av \u00e5penhetsloven.<\/p><p>Selskaper som er omfattet av \u00e5penhetsloven er forpliktet til \u00e5 gjennomf\u00f8re aktsomhetsvurderinger i tr\u00e5d med OECDs retningslinjer for flernasjonale selskaper, for \u00e5 identifisere, forebygge, redegj\u00f8re for og f\u00f8lge opp hvordan selskapet h\u00e5ndterer faktisk og potensiell negativ p\u00e5virkning p\u00e5 grunnleggende menneskerettigheter i egen virksomhet, overfor forretningspartnere og i selskapets leverand\u00f8rkjede.<\/p><p>Gruppen er forpliktet til \u00e5 drive v\u00e5r virksomhet i henhold til samfunnsansvarlige og etiske prinsipper. Vi etterstreber \u00e5 v\u00e6re en ansvarlig virksomhet, og \u00e5 gjennomf\u00f8re jevnlig aktsomhetsvurderinger for \u00e5 avdekke eventuell negativ p\u00e5virkning p\u00e5 grunnleggende menneskerettigheter og anstendige arbeidsforhold knyttet til v\u00e5r virksomhet, leverand\u00f8rkjede eller forretningspartnere.<\/p><p>Denne redegj\u00f8relsen gjelder for perioden 1. januar 2024 til 31. desember 2024, men inkluderer ogs\u00e5 en beskrivelse av endringer i v\u00e5re interne prosedyrer og aktsomhetsvurderinger som ble gjennomf\u00f8rt det f\u00f8rste halv\u00e5ret av 2025.<\/p><p>\u00a0<\/p><ol start=\"2\"><li><strong>V\u00e5r virksomhet, rutiner og retningslinjer<\/strong>\u00a0<\/li><\/ol><p>\u00a0<\/p><ul><li style=\"list-style-type: none;\"><ul><li><strong>Gruppens organisering og virksomhet <\/strong><\/li><\/ul><\/li><\/ul><p>Gruppen driver virksomhet innen import og forhandling av biler.<\/p><p>Gill Gruppen AS har pr. 31.12.24 ingen ansatte. Gill Gruppen AS hovedvirksomhet er investering i selskap innen import og forhandlerdrift av biler, samt yte servicetjenester til selskaper innen eget konsern.<\/p><p>Subaru Norge AS har fire ansatte, som jobber fra v\u00e5re lokaler p\u00e5 Hagan. Subaru Norge AS hovedvirksomhet er import av biler og deler for merket Subaru i Norge. Subaru Norge AS eies 100 % av Gill Gruppen AS.<\/p><p>Bilkompaniet AS har ni ansatte som alle jobber fra v\u00e5re lokaler p\u00e5 Hamar. Bilkompaniet AS hovedvirksomhet er forhandling og service av biler fra v\u00e5re forretningslokaler i Hamar. Vi er forhandler av en rekke bilmodeller fra Subaru og MG, og utf\u00f8rer ogs\u00e5 service p\u00e5 alle bilmerker fra v\u00e5rt verksted. I tillegg er Bilkompaniet merkeverksted for Subaru, MG og SSangYong. Bilkompaniet AS eies 51 % av Subaru Norge AS.<\/p><p>Gruppen driver kun virksomhet i Norge.<\/p><p><strong>\u00a0<\/strong><\/p><ul><li><strong>Interne rutiner og retningslinjer<\/strong><\/li><\/ul><p>B\u00e6rekraft og samfunnsansvar er en integrert del av Gruppens virksomhet. Vi er forpliktet til \u00e5 drive virksomheten v\u00e5r p\u00e5 en etisk, ansvarlig og b\u00e6rekraftig m\u00e5te.<\/p><p>Gruppen har vedtatt konserninterne retningslinjer for forretningsetikk, som gjelder for alle selskap som inng\u00e5r i konsernet. Retningslinjene gjelder for alle ansatte i Gruppen, inkludert vikarer og konsulenter. Retningslinjene oppstiller konsernets prinsipper for samfunnsansvar, som bygger p\u00e5 FN Global Compacts ti prinsipper som blant annet menneskerettigheter og arbeidsforhold.<\/p><p>I tillegg til dette er v\u00e5r rutine som utgangspunkt at alle leverand\u00f8rer og forretningspartnere skal akseptere v\u00e5r Code of Conduct, som har som kjerneverdi \u00e5 skape tillit gjennom integritet. Form\u00e5let med v\u00e5r Code of Conduct er \u00e5 oppn\u00e5 l\u00f8nnsomhet p\u00e5 en m\u00e5te som er i samsvar med grunnleggende etiske verdier og med respekt for mennesker, milj\u00f8et og samfunnet rundt virksomheten.<\/p><p>Code of Conduct gir overordnede rammer for hvordan Gruppen, leverand\u00f8rer og forretningspartnere skal ut\u00f8ve sitt samfunnsansvar, samt hvilke prinsipper som skal ligge til grunn for arbeidet.<\/p><p>Vi arbeider systematisk for \u00e5 fremme en trygg arbeidsplass som ivaretar helse, milj\u00f8 og sikkerhet (HMS). Gjennom kontinuerlig innsats s\u00f8ker vi \u00e5 redusere risikoen for skader p\u00e5 arbeidsplassen. Dette oppn\u00e5r vi ved \u00e5 benytte et internkontrollsystem for registrering og oppf\u00f8lging av forhold som kan medf\u00f8re fare. Systemet bidrar til \u00e5 forebygge at lignende hendelser skjer igjen ved \u00e5 sikre l\u00e6ring og iverksetting av n\u00f8dvendige tiltak.<\/p><p>Det overordnede ansvaret for oppf\u00f8lging og etterlevelse av \u00e5penhetsloven ligger hos styret og daglig leder i det enkelte selskapet i Gruppen.<\/p><p>Gruppen gjennomf\u00f8rer aktsomhetsvurderinger av v\u00e5r egen virksomhet, v\u00e5re leverand\u00f8rer og v\u00e5re forretningspartnere.<\/p><p>Hvert enkelt selskap innad i Gruppen gjennomf\u00f8rer en overordnet risikoanalyse for \u00e5 kartlegge alle relevante omr\u00e5der av virksomheten v\u00e5r, inkludert egen virksomhet, forretningspartnere og leverand\u00f8rkjeden v\u00e5r. Analysen gjennomf\u00f8res ved bruk av en risikomatrise, som skal oppdateres kontinuerlig. Form\u00e5let med dette er \u00e5 kunne prioritere de viktigste risikoomr\u00e5dene for videre kartlegging, \u00e5 identifisere potensielle h\u00f8yrisikoelementer ved leverand\u00f8rer og forretningspartnere, samt s\u00e6rlige risikofaktorer knyttet til v\u00e5r egen virksomhet. Vi praktiserer en risikobasert tiln\u00e6rming som ogs\u00e5 er basert p\u00e5 \u00e5penhetslovens prinsipp om forholdsmessighet.<\/p><p>Vi fokuserer p\u00e5 \u00e5 h\u00e5ndtere de mest fremtredende risikoomr\u00e5dene som er identifisert, og vil gjennomf\u00f8re ytterligere aktsomhetsvurderinger av prioriterte omr\u00e5der for \u00e5 identifisere og evaluere faktiske og potensielle negative p\u00e5virkninger. Eventuelle tiltak vil bli prioritert ut fra alvorlighetsgrad og sannsynlighet for alvorlige menneskerettighetsbrudd eller brudd p\u00e5 arbeidstakerrettigheter, samt Gruppens innflytelse.<\/p><p><strong>\u00a0<\/strong><\/p><ol start=\"3\"><li><strong>Identifiserte negative konsekvenser eller risiko for negative konsekvenser<\/strong><\/li><\/ol><p><strong>\u00a0<\/strong><\/p><ul><li><strong>Generell informasjon<\/strong><\/li><\/ul><p>I henhold til \u00e5penhetsloven skal det rapporteres om identifiserte faktiske negative konsekvenser for grunnleggende menneskerettigheter og anstendige arbeidsforhold, samt betydelig risiko for slike negative konsekvenser. Ved vurderingen av hva som anses som en vesentlig risiko skal det tas hensyn til hvor alvorlige konsekvensene er eller vil bli for dem som rammes, og hvor sannsynlig det er at de negative konsekvensene vil inntreffe.<\/p><p><strong>\u00a0<\/strong><\/p><ul><li><strong>Identifisering av faktiske negative konsekvenser for grunnleggende menneskerettigheter og anstendige arbeidsforhold<\/strong><\/li><\/ul><p>Gjennom v\u00e5r risikokartlegging har vi ikke identifisert noen faktiske negative konsekvenser i v\u00e5r egen virksomhet. Dette gjelder ogs\u00e5 nedstr\u00f8ms aktiviteter.<\/p><p>Vi har heller ikke identifisert faktiske negative konsekvenser knyttet til noen av v\u00e5re leverand\u00f8rer eller forretningspartnere.<\/p><p>Vi har imidlertid identifisert visse risikoer for negative konsekvenser.<\/p><p><strong>\u00a0<\/strong><\/p><p><u>Leverand\u00f8rkjeden v\u00e5r<\/u><\/p><p>I henhold til h\u00f8yrisikolisten fra Direktoratet for forvaltning og \u00f8konomistyring (DF\u00d8) er elbiler, batterier, dekk og gummi produkter som er forbundet med h\u00f8y risiko for brudd p\u00e5 grunnleggende menneskerettigheter og anstendige arbeidsforhold.<\/p><p>I produksjonen av batterier og dekk er de en s\u00e6rlig iboende risiko for negativ p\u00e5virkning knyttet til l\u00f8nnsforhold, manglende fagforeningsrettigheter, overdreven bruk av overtid, diskriminering, barnearbeid og tvangsarbeid. De st\u00f8rste og mest alvorlige risikoene finnes vanligvis i r\u00e5vareleddet, i geografiske omr\u00e5der som kan v\u00e6re preget av konflikt, korrupsjon og svak rettsbeskyttelse.<\/p><p><u>V\u00e5re forretningspartnere<\/u><\/p><p>Gruppens forretningspartnere er basert i Norge, og har etter v\u00e5r vurdering en generelt lav risikoprofil n\u00e5r det gjelder negativ p\u00e5virkning p\u00e5 grunnleggende menneskerettigheter og anstendige arbeidsforhold. Vi er derimot klar over at vi har norske forretningspartnere som opererer innenfor bransjer eller omr\u00e5der som er forbundet med noe \u00f8kt risiko for negativ p\u00e5virkning. Dette gjelder for eksempel renholdstjenester av fasiliteter og biler.<\/p><p><u>Gruppens egen virksomhet<\/u><\/p><p>Arbeidsforholdene i Gruppen er vurdert som gode, og det arbeides kontinuerlig med forbedringsarbeid og tiltak for \u00e5 opprettholde dette. Gruppen er likevel kjent med at vi opererer i en bransje med overvekt av mannlige ansatte. Det er ogs\u00e5 visse risikoer for fysiske skader, blant annet i verkstedsdelen av virksomheten.<\/p><p>\u00a0<\/p><ol start=\"4\"><li><strong>Tiltak for \u00e5 stanse og begrense risiko<\/strong><\/li><\/ol><p><strong>\u00a0<\/strong><\/p><ul><li><strong>Tiltak i leverand\u00f8rkjeden<\/strong><\/li><\/ul><p>Hoveddelen av Gruppens produkter, herunder biler, leveres fra leverand\u00f8rer som selv gj\u00f8r aktsomhetsvurderinger.<\/p><p>For Bilkompaniet AS er en av hovedleverand\u00f8rene Norwegian Mobility Group AS (&#8220;<strong>NMG<\/strong>&#8220;). Ettersom NMG selv er underlagt \u00e5penhetsloven og utf\u00f8rer egne aktsomhetsvurderinger av de globale leverand\u00f8rkjedene bak sine produkter, belager Bilkompaniet seg p\u00e5 NMGs aktsomhetsvurderinger i denne sammenheng. Dette inkluderer de tiltak som NMG har iverksatt for \u00e5 stoppe og begrense risiko. Det vises til NMGs redegj\u00f8relse etter \u00e5penhetsloven, som publisert p\u00e5 deres hjemmesider.<\/p><p>For Subaru Norge AS er hovedleverand\u00f8ren Subaru Corporation, via handelsselskapet Sojitz Corporation. Subaru Norge AS importerer biler, via leverand\u00f8ren Sojitz Corporation og reservedeler fra Subaru Corporation. Subaru Norge AS forholder seg i den forbindelse til Subarus &#8220;<em>Sustainability Website<\/em>&#8220;, som blant annet gir informasjon om Subarus leverand\u00f8rkjede og implementerte tiltak for \u00e5 overholde grunnleggende menneskerettigheter og anstendige arbeidsforhold. Subarus &#8220;<em>Sustainability Website<\/em>&#8221; er tilgjengelig p\u00e5 Subarus <a href=\"https:\/\/www.subaru.co.jp\/en\/csr\/\">hjemmesider<\/a>.<\/p><p>Gill Gruppen AS er morselskapet i gruppen, og har i sv\u00e6rt begrenset omfang egne leverand\u00f8rforhold.<\/p><p>Slik Gruppen vurderer det er det ikke behov for ytterligere tiltak i leverand\u00f8rkjeden per tid, utover at leverand\u00f8rene forpliktes til \u00e5 f\u00f8lge Gruppens Code of Conduct.<\/p><p><strong>\u00a0<\/strong><\/p><ul><li><strong>Tiltak overfor forretningspartnere<\/strong><\/li><\/ul><p>Gruppen vil v\u00e6re spesielt oppmerksomme p\u00e5 \u00e5 stille oppf\u00f8lgingssp\u00f8rsm\u00e5l til de av v\u00e5re forretningspartnere som opererer i bransje eller tjenestesegmenter som er forbundet med s\u00e6rlig risiko. Form\u00e5let med dette er \u00e5 sikre at forretningspartnerne lever opp til alle n\u00f8dvendige standarder, herunder v\u00e5r Code of Conduct. Vi vil ogs\u00e5 fortl\u00f8pende vurdere om det er n\u00f8dvendig \u00e5 iverksette individuelle oppf\u00f8lgingstiltak for forretningspartnere dersom vi avdekker informasjon som tilsier \u00f8kt risiko. Slike tiltak kan for eksempel v\u00e6re \u00e5 sende foresp\u00f8rsler om forhold vi vurderer som s\u00e6rlig relevante for de aktuelle risikoer vi har identifisert. \u00a0<\/p><p><strong>\u00a0<\/strong><\/p><ul><li><strong>Tiltak i egen virksomhet<\/strong><\/li><\/ul><p>Bilindustrien er en mannsdominert bransje, og Gruppen har derfor fokus p\u00e5 \u00e5 \u00f8ke kvinneandelen i selskapet gjennom nyansettelser.<\/p><p>Gruppen arbeider ogs\u00e5 kontinuerlig med HMS-relaterte tiltak, blant annet ved \u00e5 gjennomf\u00f8re \u00e5rlige kontroller gjennom bedriftshelsetjenesten. I tillegg stiller man krav om fagbrev p\u00e5 verksted og kundemottak, og tilbyr kontinuerlig kursing og sertifisering til de ansatte som utf\u00f8rer kursing, verkstedoppdrag o<\/p><p><em>\u00a0<\/em><\/p><p>Skytta, 30.06.2025<br \/><br \/><\/p><p><strong>P\u00e5 vegne av Gill Gruppen AS<\/strong><\/p><p>Leif Madsberg, Styrets leder<\/p><p>Lars Borger Hansen, Daglig leder<\/p><p>Keita Ohashi, Styremedlem<br \/><br \/><\/p><p><strong>P\u00e5 vegne av Subaru Norge AS<\/strong><\/p><p>Lars Borger Hansen, Styrets leder<\/p><p>Torbj\u00f8rn Lie, Daglig leder<\/p><p>Kodama Keitaro, Styremedlem<br \/><br \/><\/p><p><strong>P\u00e5 vegne av Bilkompaniet AS<\/strong><\/p><p>Anders Aksnes, Styrets leder<\/p><p>Bj\u00f8rn Stendahl, Daglig leder og styremedlem<\/p><p>Torbj\u00f8rn Lie, Styremedlem<\/p>\t\t\t\t\t\t\t\t<\/div>\n\t\t\t\t<div class=\"elementor-element elementor-element-fd80268 elementor-widget elementor-widget-button\" data-id=\"fd80268\" data-element_type=\"widget\" data-e-type=\"widget\" data-widget_type=\"button.default\">\n\t\t\t\t\t\t\t\t\t\t<a class=\"elementor-button elementor-button-link elementor-size-sm\" href=\"http:\/\/demo-fredrikstadautosenter.p05.caddiesoft.com\/wp-content\/uploads\/2025\/08\/2025-Gill-Gruppen-AS-Subaru-Norge-AS-og-Bilkompaniet-AS-redegjorelse-etter-apenhetsloven.pdf\" target=\"_blank\">\n\t\t\t\t\t\t<span class=\"elementor-button-content-wrapper\">\n\t\t\t\t\t\t<span class=\"elementor-button-icon\">\n\t\t\t\t<svg aria-hidden=\"true\" class=\"e-font-icon-svg e-fas-file-pdf\" viewBox=\"0 0 384 512\" xmlns=\"http:\/\/www.w3.org\/2000\/svg\"><path d=\"M181.9 256.1c-5-16-4.9-46.9-2-46.9 8.4 0 7.6 36.9 2 46.9zm-1.7 47.2c-7.7 20.2-17.3 43.3-28.4 62.7 18.3-7 39-17.2 62.9-21.9-12.7-9.6-24.9-23.4-34.5-40.8zM86.1 428.1c0 .8 13.2-5.4 34.9-40.2-6.7 6.3-29.1 24.5-34.9 40.2zM248 160h136v328c0 13.3-10.7 24-24 24H24c-13.3 0-24-10.7-24-24V24C0 10.7 10.7 0 24 0h200v136c0 13.2 10.8 24 24 24zm-8 171.8c-20-12.2-33.3-29-42.7-53.8 4.5-18.5 11.6-46.6 6.2-64.2-4.7-29.4-42.4-26.5-47.8-6.8-5 18.3-.4 44.1 8.1 77-11.6 27.6-28.7 64.6-40.8 85.8-.1 0-.1.1-.2.1-27.1 13.9-73.6 44.5-54.5 68 5.6 6.9 16 10 21.5 10 17.9 0 35.7-18 61.1-61.8 25.8-8.5 54.1-19.1 79-23.2 21.7 11.8 47.1 19.5 64 19.5 29.2 0 31.2-32 19.7-43.4-13.9-13.6-54.3-9.7-73.6-7.2zM377 105L279 7c-4.5-4.5-10.6-7-17-7h-6v128h128v-6.1c0-6.3-2.5-12.4-7-16.9zm-74.1 255.3c4.1-2.7-2.5-11.9-42.8-9 37.1 15.8 42.8 9 42.8 9z\"><\/path><\/svg>\t\t\t<\/span>\n\t\t\t\t\t\t\t\t\t<span class=\"elementor-button-text\">Redegj\u00f8relse etter \u00e5penhetsloven<\/span>\n\t\t\t\t\t<\/span>\n\t\t\t\t\t<\/a>\n\t\t\t\t\t\t\t\t<\/div>\n\t\t\t\t<\/div>\n\t\t\t\t\t<\/div>\n\t\t\t\t<\/div>\n\t\t\t\t<\/div>\n\t\t","protected":false},"excerpt":{"rendered":"<p>Gill Gruppen AS, Subaru Norge AS og Bilkompaniet AS redegj\u00f8relse etter \u00e5penhetsloven (for perioden 1. januar 2024 \u2013 31. desember 2024) \u00a0 Introduksjon \u00a0 Gill Gruppen AS (org.nr 910 360\u00a0868), Subaru Norge AS (org.nr 924 563\u00a0273) og Bilkompaniet AS (org.nr. 965 220 941) (Samlet betegnet som &#8220;Gruppen&#8220;) er omfattet av \u00e5penhetsloven. Selskaper som er omfattet [&hellip;]<\/p>\n","protected":false},"author":3,"featured_media":0,"parent":0,"menu_order":0,"comment_status":"closed","ping_status":"closed","template":"","meta":{"_acf_changed":false,"footnotes":""},"class_list":["post-3018","page","type-page","status-publish","hentry"],"acf":[],"yoast_head":"<!-- This site is optimized with the Yoast SEO plugin v26.9 - https:\/\/yoast.com\/product\/yoast-seo-wordpress\/ -->\n<title>\u00c5penhetsloven - Bilkompaniet Hamar<\/title>\n<meta name=\"robots\" content=\"index, follow, max-snippet:-1, max-image-preview:large, max-video-preview:-1\" \/>\n<link rel=\"canonical\" href=\"https:\/\/demo-fredrikstadautosenter.p05.caddiesoft.com\/?page_id=3018\" \/>\n<meta property=\"og:locale\" content=\"en_US\" \/>\n<meta property=\"og:type\" content=\"article\" \/>\n<meta property=\"og:title\" content=\"\u00c5penhetsloven - Bilkompaniet Hamar\" \/>\n<meta property=\"og:description\" content=\"Gill Gruppen AS, Subaru Norge AS og Bilkompaniet AS redegj\u00f8relse etter \u00e5penhetsloven (for perioden 1. januar 2024 \u2013 31. desember 2024) \u00a0 Introduksjon \u00a0 Gill Gruppen AS (org.nr 910 360\u00a0868), Subaru Norge AS (org.nr 924 563\u00a0273) og Bilkompaniet AS (org.nr. 965 220 941) (Samlet betegnet som &#8220;Gruppen&#8220;) er omfattet av \u00e5penhetsloven. Selskaper som er omfattet [&hellip;]\" \/>\n<meta property=\"og:url\" content=\"https:\/\/demo-fredrikstadautosenter.p05.caddiesoft.com\/?page_id=3018\" \/>\n<meta property=\"og:site_name\" content=\"Bilkompaniet Hamar\" \/>\n<meta property=\"article:publisher\" content=\"https:\/\/www.facebook.com\/bilkompanietlillehammer\" \/>\n<meta property=\"article:modified_time\" content=\"2025-08-25T10:50:13+00:00\" \/>\n<meta name=\"twitter:card\" content=\"summary_large_image\" \/>\n<meta name=\"twitter:label1\" content=\"Est. reading time\" \/>\n\t<meta name=\"twitter:data1\" content=\"7 minutes\" \/>\n<script type=\"application\/ld+json\" class=\"yoast-schema-graph\">{\"@context\":\"https:\/\/schema.org\",\"@graph\":[{\"@type\":\"WebPage\",\"@id\":\"https:\/\/demo-fredrikstadautosenter.p05.caddiesoft.com\/?page_id=3018\",\"url\":\"https:\/\/demo-fredrikstadautosenter.p05.caddiesoft.com\/?page_id=3018\",\"name\":\"\u00c5penhetsloven - Bilkompaniet Hamar\",\"isPartOf\":{\"@id\":\"https:\/\/demo-fredrikstadautosenter.p05.caddiesoft.com\/#website\"},\"datePublished\":\"2025-08-25T10:47:33+00:00\",\"dateModified\":\"2025-08-25T10:50:13+00:00\",\"breadcrumb\":{\"@id\":\"https:\/\/demo-fredrikstadautosenter.p05.caddiesoft.com\/?page_id=3018#breadcrumb\"},\"inLanguage\":\"en-US\",\"potentialAction\":[{\"@type\":\"ReadAction\",\"target\":[\"https:\/\/demo-fredrikstadautosenter.p05.caddiesoft.com\/?page_id=3018\"]}]},{\"@type\":\"BreadcrumbList\",\"@id\":\"https:\/\/demo-fredrikstadautosenter.p05.caddiesoft.com\/?page_id=3018#breadcrumb\",\"itemListElement\":[{\"@type\":\"ListItem\",\"position\":1,\"name\":\"Home\",\"item\":\"https:\/\/demo-fredrikstadautosenter.p05.caddiesoft.com\/\"},{\"@type\":\"ListItem\",\"position\":2,\"name\":\"\u00c5penhetsloven\"}]},{\"@type\":\"WebSite\",\"@id\":\"https:\/\/demo-fredrikstadautosenter.p05.caddiesoft.com\/#website\",\"url\":\"https:\/\/demo-fredrikstadautosenter.p05.caddiesoft.com\/\",\"name\":\"Bilkompaniet\",\"description\":\"\",\"publisher\":{\"@id\":\"https:\/\/demo-fredrikstadautosenter.p05.caddiesoft.com\/#organization\"},\"potentialAction\":[{\"@type\":\"SearchAction\",\"target\":{\"@type\":\"EntryPoint\",\"urlTemplate\":\"https:\/\/demo-fredrikstadautosenter.p05.caddiesoft.com\/?s={search_term_string}\"},\"query-input\":{\"@type\":\"PropertyValueSpecification\",\"valueRequired\":true,\"valueName\":\"search_term_string\"}}],\"inLanguage\":\"en-US\"},{\"@type\":\"Organization\",\"@id\":\"https:\/\/demo-fredrikstadautosenter.p05.caddiesoft.com\/#organization\",\"name\":\"Bilkompaniet\",\"url\":\"https:\/\/demo-fredrikstadautosenter.p05.caddiesoft.com\/\",\"logo\":{\"@type\":\"ImageObject\",\"inLanguage\":\"en-US\",\"@id\":\"https:\/\/demo-fredrikstadautosenter.p05.caddiesoft.com\/#\/schema\/logo\/image\/\",\"url\":\"https:\/\/demo-fredrikstadautosenter.p05.caddiesoft.com\/wp-content\/uploads\/2025\/06\/site-logo3-1.png\",\"contentUrl\":\"https:\/\/demo-fredrikstadautosenter.p05.caddiesoft.com\/wp-content\/uploads\/2025\/06\/site-logo3-1.png\",\"width\":860,\"height\":170,\"caption\":\"Bilkompaniet\"},\"image\":{\"@id\":\"https:\/\/demo-fredrikstadautosenter.p05.caddiesoft.com\/#\/schema\/logo\/image\/\"},\"sameAs\":[\"https:\/\/www.facebook.com\/bilkompanietlillehammer\",\"https:\/\/www.instagram.com\/bilkompaniet_lillehammer\/\"]}]}<\/script>\n<!-- \/ Yoast SEO plugin. -->","yoast_head_json":{"title":"\u00c5penhetsloven - Bilkompaniet Hamar","robots":{"index":"index","follow":"follow","max-snippet":"max-snippet:-1","max-image-preview":"max-image-preview:large","max-video-preview":"max-video-preview:-1"},"canonical":"https:\/\/demo-fredrikstadautosenter.p05.caddiesoft.com\/?page_id=3018","og_locale":"en_US","og_type":"article","og_title":"\u00c5penhetsloven - Bilkompaniet Hamar","og_description":"Gill Gruppen AS, Subaru Norge AS og Bilkompaniet AS redegj\u00f8relse etter \u00e5penhetsloven (for perioden 1. januar 2024 \u2013 31. desember 2024) \u00a0 Introduksjon \u00a0 Gill Gruppen AS (org.nr 910 360\u00a0868), Subaru Norge AS (org.nr 924 563\u00a0273) og Bilkompaniet AS (org.nr. 965 220 941) (Samlet betegnet som &#8220;Gruppen&#8220;) er omfattet av \u00e5penhetsloven. Selskaper som er omfattet [&hellip;]","og_url":"https:\/\/demo-fredrikstadautosenter.p05.caddiesoft.com\/?page_id=3018","og_site_name":"Bilkompaniet Hamar","article_publisher":"https:\/\/www.facebook.com\/bilkompanietlillehammer","article_modified_time":"2025-08-25T10:50:13+00:00","twitter_card":"summary_large_image","twitter_misc":{"Est. reading time":"7 minutes"},"schema":{"@context":"https:\/\/schema.org","@graph":[{"@type":"WebPage","@id":"https:\/\/demo-fredrikstadautosenter.p05.caddiesoft.com\/?page_id=3018","url":"https:\/\/demo-fredrikstadautosenter.p05.caddiesoft.com\/?page_id=3018","name":"\u00c5penhetsloven - Bilkompaniet Hamar","isPartOf":{"@id":"https:\/\/demo-fredrikstadautosenter.p05.caddiesoft.com\/#website"},"datePublished":"2025-08-25T10:47:33+00:00","dateModified":"2025-08-25T10:50:13+00:00","breadcrumb":{"@id":"https:\/\/demo-fredrikstadautosenter.p05.caddiesoft.com\/?page_id=3018#breadcrumb"},"inLanguage":"en-US","potentialAction":[{"@type":"ReadAction","target":["https:\/\/demo-fredrikstadautosenter.p05.caddiesoft.com\/?page_id=3018"]}]},{"@type":"BreadcrumbList","@id":"https:\/\/demo-fredrikstadautosenter.p05.caddiesoft.com\/?page_id=3018#breadcrumb","itemListElement":[{"@type":"ListItem","position":1,"name":"Home","item":"https:\/\/demo-fredrikstadautosenter.p05.caddiesoft.com\/"},{"@type":"ListItem","position":2,"name":"\u00c5penhetsloven"}]},{"@type":"WebSite","@id":"https:\/\/demo-fredrikstadautosenter.p05.caddiesoft.com\/#website","url":"https:\/\/demo-fredrikstadautosenter.p05.caddiesoft.com\/","name":"Bilkompaniet","description":"","publisher":{"@id":"https:\/\/demo-fredrikstadautosenter.p05.caddiesoft.com\/#organization"},"potentialAction":[{"@type":"SearchAction","target":{"@type":"EntryPoint","urlTemplate":"https:\/\/demo-fredrikstadautosenter.p05.caddiesoft.com\/?s={search_term_string}"},"query-input":{"@type":"PropertyValueSpecification","valueRequired":true,"valueName":"search_term_string"}}],"inLanguage":"en-US"},{"@type":"Organization","@id":"https:\/\/demo-fredrikstadautosenter.p05.caddiesoft.com\/#organization","name":"Bilkompaniet","url":"https:\/\/demo-fredrikstadautosenter.p05.caddiesoft.com\/","logo":{"@type":"ImageObject","inLanguage":"en-US","@id":"https:\/\/demo-fredrikstadautosenter.p05.caddiesoft.com\/#\/schema\/logo\/image\/","url":"https:\/\/demo-fredrikstadautosenter.p05.caddiesoft.com\/wp-content\/uploads\/2025\/06\/site-logo3-1.png","contentUrl":"https:\/\/demo-fredrikstadautosenter.p05.caddiesoft.com\/wp-content\/uploads\/2025\/06\/site-logo3-1.png","width":860,"height":170,"caption":"Bilkompaniet"},"image":{"@id":"https:\/\/demo-fredrikstadautosenter.p05.caddiesoft.com\/#\/schema\/logo\/image\/"},"sameAs":["https:\/\/www.facebook.com\/bilkompanietlillehammer","https:\/\/www.instagram.com\/bilkompaniet_lillehammer\/"]}]}},"_links":{"self":[{"href":"https:\/\/demo-fredrikstadautosenter.p05.caddiesoft.com\/index.php?rest_route=\/wp\/v2\/pages\/3018","targetHints":{"allow":["GET"]}}],"collection":[{"href":"https:\/\/demo-fredrikstadautosenter.p05.caddiesoft.com\/index.php?rest_route=\/wp\/v2\/pages"}],"about":[{"href":"https:\/\/demo-fredrikstadautosenter.p05.caddiesoft.com\/index.php?rest_route=\/wp\/v2\/types\/page"}],"author":[{"embeddable":true,"href":"https:\/\/demo-fredrikstadautosenter.p05.caddiesoft.com\/index.php?rest_route=\/wp\/v2\/users\/3"}],"replies":[{"embeddable":true,"href":"https:\/\/demo-fredrikstadautosenter.p05.caddiesoft.com\/index.php?rest_route=%2Fwp%2Fv2%2Fcomments&post=3018"}],"version-history":[{"count":7,"href":"https:\/\/demo-fredrikstadautosenter.p05.caddiesoft.com\/index.php?rest_route=\/wp\/v2\/pages\/3018\/revisions"}],"predecessor-version":[{"id":3026,"href":"https:\/\/demo-fredrikstadautosenter.p05.caddiesoft.com\/index.php?rest_route=\/wp\/v2\/pages\/3018\/revisions\/3026"}],"wp:attachment":[{"href":"https:\/\/demo-fredrikstadautosenter.p05.caddiesoft.com\/index.php?rest_route=%2Fwp%2Fv2%2Fmedia&parent=3018"}],"curies":[{"name":"wp","href":"https:\/\/api.w.org\/{rel}","templated":true}]}}